uppose 5*h = 9*h - 12. Let j(q) = -21*q**2 - 26*q + 29. Let s(g) = -7*g**2 - 9*g + 10. Let i(d) = -3*j(d) + 8*s(d). What are the prime factors of i(h)?
2, 37
Let i(u) = 3*u**2 + 76*u + 30. Let t be i(-25). List the prime factors of -4 - (t - (-9)/(-2))*-1934.
3, 107
List the prime factors of 8251 - (0 - (-16)/6)*(-54)/72.
3, 7, 131
Suppose -y + 2*o = -888 - 1648, 2*o = 4. What are the prime factors of y?
2, 5, 127
Let w(a) = -2*a**3 - 8*a**2 + 2*a + 6. Let u be w(-4). Let b = 1 - u. Suppose 3*o - 138 = -b*o. List the prime factors of o.
23
Suppose 219 + 76 = 5*w - 5*m, 2*w - m - 121 = 0. What are the prime factors of w?
2, 31
Let q(u) = u**3 + 9*u**2 + 5*u + 5. Let c(b) = b**2 - 10*b - 10. Let a be c(11). Let t be ((2*a)/2)/((-18)/144). What are the prime factors of q(t)?
29
Let q be 5/15 - 184/12. Let m(w) = w**3 + 16*w**2 - 8*w + 7. What are the prime factors of m(q)?
2, 11
Suppose 5*x = 1684 + 486. Let g = -214 + x. Suppose 54*u - g = 52*u. List the prime factors of u.
2, 5, 11
Suppose a + 188 = 193. Suppose 1865 = 4*i + a*c, 6*i - 5*c = i + 2320. List the prime factors of i.
3, 5, 31
Let y be (24 - 3 - 1)/(6/183). Let h = y - 81. What are the prime factors of h?
23
Let u(y) = y**3 - y**2 + 2*y + 17. Let s be u(8). What are the prime factors of s + (-30)/(-5) + (3 - 5)?
5, 97
Suppose 6*n = -184322 + 532712. What are the prime factors of 2/(-6) + n/45?
2, 3, 5, 43
What are the prime factors of -8*((-34286)/(-84) + 13)/((-1)/3)?
2, 7, 19
Let y(w) = w**3 - 19*w**2 + 3*w + 13. Suppose 8*f + 7 = 31. Suppose -2*o + 33 = 6*l - 5*l, -3*o = -f*l - 72. What are the prime factors of y(o)?
2, 5, 7
Suppose 182*g + 1188 = 184*g. List the prime factors of g.
2, 3, 11
Let l be (2/6 - (-56)/(-24)) + 11. Suppose -2*n + l = -n. Suppose 8*k + 93 = n*k. List the prime factors of k.
3, 31
Let s be (-1)/(-1) - (12/(-3))/4. Suppose 0 = y - j + 21 + 27, 0 = s*j - 2. Let f = 72 + y. What are the prime factors of f?
5
Suppose -5*z - 2*v = -128, 2*z + 0*v = -v + 52. List the prime factors of (49504/z)/7 - 4/6.
2, 3, 7
Let r = 3203 - 2018. Suppose -h + 185 = -2*a, 3*a - 295 = 5*h - r. What are the prime factors of h?
5, 7
Let c(r) = 2*r**2 - 32*r + 26. Let j(b) = 2*b**2 - 33*b + 25. Let v(n) = -2*c(n) + 3*j(n). List the prime factors of v(24).
5, 67
List the prime factors of 79604/6 - (-3178)/681.
2, 3, 7, 79
Let c(d) be the second derivative of 11*d**3/6 - 103*d**2 - 8*d. List the prime factors of c(38).
2, 53
Suppose -19*l - 9 = -22*l. Suppose 5*z = -2*d - 2*d + 21, -l*d - z = -13. Suppose d*t - 21 - 8 = 5*n, -4*n + 14 = 3*t. What are the prime factors of t?
2, 3
Let j(g) be the first derivative of -g**5/20 + 13*g**4/12 - 32*g**3/3 + 27. Let a(d) be the third derivative of j(d). List the prime factors of a(-22).
2, 79
Suppose 16*f = -3*g + 15693, -5*g = 9*f - 11*f + 1967. List the prime factors of f.
3, 109
Let f(l) be the third derivative of l**6/24 + l**5/60 - l**4/3 + 4*l**3/3 + 202*l**2 - l. List the prime factors of f(1).
2, 3
Let n = 10207 + 29211. List the prime factors of n.
2, 19709
Suppose 2*k = -4*k. Suppose k = 6*v - 0*v - 2940. Suppose 15*u = 10*u + v. What are the prime factors of u?
2, 7
Let t = 65838 + -24334. What are the prime factors of t?
2, 1297
What are the prime factors of ((-2082)/(-4))/((-139050)/2900 - -48)?
29, 347
Let j(k) be the second derivative of -33*k**5/20 + k**4/3 + k**3/2 + 6*k. Let h be j(-2). List the prime factors of 0/5 + -3 + h.
271
Let p(t) = 2*t**2 + 40*t + 14. Let k be p(-22). Let f = k - -10. List the prime factors of f.
2, 7
Let o(f) = -f**3 + 9*f**2 - 5*f - 16. Let k be o(8). Let y(l) = 3*l**3 - 10*l**2 + 19*l - 19. What are the prime factors of y(k)?
3, 7
Suppose -5*h - 13*d + 5*d + 32703 = 0, 2*h - 5*d = 13114. What are the prime factors of h?
6547
What are the prime factors of 883183/28 + (-3)/(-4) + -6?
11, 47, 61
Suppose 52 = -4*l + 5*l. Let d = 71 + l. Suppose z + n - 2*n = 63, 3*n + d = 2*z. What are the prime factors of z?
2, 3, 11
Let m(b) = -b**3 - 7*b**2 - b + 4. Suppose 0 = 21*l - 16*l + 25. Let g be m(l). Let f = 13 - g. List the prime factors of f.
2, 3
Suppose 1644 + 651 = 5*f - 5*c, -3*f = c - 1397. Let x = -82 + f. What are the prime factors of x?
2, 191
Let w(n) = -19*n - 246. Let b be w(-12). What are the prime factors of (-1138)/3*(-10 + (-153)/b)?
569
What are the prime factors of (-27554)/23*(3/(24/(-20)) - 3)?
11, 599
Let d(z) = -5 + 3*z + 4 - 4 - 4. Let m be d(13). Suppose 44 = m*f - 29*f. What are the prime factors of f?
2, 11
Let j(y) = -y**2 + 82*y + 2791. List the prime factors of j(0).
2791
Suppose 103 - 7 = 16*v. Let w(t) = 49*t**2 - 10*t + 20. List the prime factors of w(v).
2, 431
Let h(x) = -x**2 + 9*x. Suppose -6*j + 72 = 2*j. Let u be h(j). Suppose -17*n + 10*n + 721 = u. What are the prime factors of n?
103
Let n be 4370/(-7) + 1 + (-8)/(-28). Let p = n - -917. Suppose -5*r + 436 + p = 0. What are the prime factors of r?
2, 73
Let d(x) = x**2 - 3*x - 13. Let f be d(7). Let s = f + -7. List the prime factors of 13980/48 - (-6)/s.
2, 73
List the prime factors of (-10 - (-14 + -2078))*(-5)/(-2).
3, 5, 347
Let n(m) = -211*m - 13 - 3 - 32. List the prime factors of n(-4).
2, 199
Let s(w) = w**2 - 46*w + 242. Let n be s(43). Suppose v = c + 1238 - n, v = -c + 1121. List the prime factors of v.
1123
Let h(d) = 3*d**3 - 12*d**2 - 8*d - 12. Let a be h(10). Let s = -1111 + a. List the prime factors of s.
3, 199
Let s(z) = z**3 + z**2 + z + 1387. Let f be s(0). Suppose -4*h = -2*q + f - 475, -1776 = -4*q - 4*h. Suppose -4*v = 3*v - q. What are the prime factors of v?
2
Let d = -184 - -184. Suppose 5*l - 1504 - 1036 = d. What are the prime factors of l?
2, 127
Let m be 1*713 + 54/(-18). Suppose -2*f = -3*l + f + 1089, m = 2*l + 2*f. List the prime factors of l.
359
Let g(w) = 3*w - 4. Let o be g(3). Let d(h) = -o - 14*h + 5 + 14. What are the prime factors of d(-8)?
2, 3, 7
Let l(v) = -81*v + 34. Let i(m) = -m - 2. Let h(w) = -6*i(w) - l(w). What are the prime factors of h(5)?
7, 59
Suppose -11*y + 7*y - 4 = 0, w - 2711 = 4*y. What are the prime factors of w?
2707
What are the prime factors of (28/(-49))/((-60)/434910)?
2, 19, 109
List the prime factors of (30 - 60/5)*15515/10.
3, 29, 107
Let c be (-1)/4 - (-36)/16. Suppose -2*q + 10*q - 664 = 0. Suppose -255 = -3*d + t, -q = -3*d + c*d + t. What are the prime factors of d?
2, 43
Suppose 24519 = -6*c + 9*c - 12*g, -3*g - 16351 = -2*c. List the prime factors of c.
13, 17, 37
Suppose 8585 + 21003 = 4*k + 3*c, -29556 = -4*k + 5*c. List the prime factors of k.
2, 3697
Suppose 3*v + 77*v + 39*v = 5696292. What are the prime factors of v?
2, 3, 3989
Let u = 12986 - -44285. List the prime factors of u.
57271
Let d = 1629 + -2015. Suppose -3*p + 5*i + 1553 = -154, 4*i = -4*p + 2308. Let u = d + p. List the prime factors of u.
2, 47
Suppose -5*s + 52850 = -33*w + 37*w, 4*s + 3*w = 42280. List the prime factors of s.
2, 5, 7, 151
Let a = 8114 - 1381. What are the prime factors of a?
6733
Let n = -2281 - -3369. Let i = -381 + n. List the prime factors of i.
7, 101
Suppose -4*t + 26092 = 2*m, 3*t + m + 3*m - 19564 = 0. What are the prime factors of t?
2, 7, 233
Let l(j) = -32*j**3 + j**2 - 3*j - 3. Let p be l(3). Let f = 2147 + p. List the prime factors of f.
2, 5
Let n(g) = -2*g + 28 - 35 - 6*g**2 + 22. Let o(x) = 17*x**2 + 6*x - 46. Let f(u) = -8*n(u) - 3*o(u). List the prime factors of f(0).
2, 3
Let r(d) = -d**3 + 9*d**2 + 16*d - 55. Let j be r(10). Suppose 3*w = -2*w + 190. Suppose 0 = -n + j, -n - w = 3*p - 163. List the prime factors of p.
2, 5
Let d(w) = 5*w**2 - 3*w + 1. Let h be d(1). Suppose 0 = h*n + 217 - 223. What are the prime factors of n?
2
Suppose -6*y = -j - 7163 - 364, -2*y - 2*j = -2516. Let z = y - 696. List the prime factors of z.
13, 43
Let y be (-147721)/(-94) + (-1)/(-2). Suppose -y = -44*d + 42*d. List the prime factors of d.
2, 3, 131
Suppose 4*h = 55*h - 263109. What are the prime factors of h?
7, 11, 67
Let p(b) = 15*b + 16. Suppose -3*j + 15 = 0, 5*t - 2*j - 13 = 7. Suppose t = -5*f + 7*f. What are the prime factors of p(f)?
61
Suppose -21*v + 205726 = -156554 + 119961. What are the prime factors of v?
11, 1049
Let c = -2221 - -8086. Suppose -13575 - c = -24*g. List the prime factors of g.
2, 3, 5
Let v(c) be the second der